 and n?
23
Let u = 2 - -15. Let q(n) = n**2 - 53*n + 825. Let j be q(32). What is the greatest common divisor of j and u?
17
Suppose -4 = -5*a - 3*g - 1, -2*a = -5*g + 5. Suppose 2*y + 165 = -4*f + 645, -2*y - f + 471 = a. What is the highest common divisor of 18 and y?
18
Let o = -7149 - -7182. Calculate the highest common divisor of o and 2156.
11
Let i = 8352 + -8110. Calculate the greatest common factor of i and 3267.
121
Let w = 744 - 679. What is the greatest common factor of 4 and w?
1
Let c be (487 + -1)/(-3)*(-2)/(-3). Let z be 1/4 - (-4 - (-477)/36). Let u be (18/(-8))/(z/c*-3). What is the greatest common factor of 18 and u?
9
Suppose -5*c + 6*t + 323 = 4*t, -12 = 3*t. Let o = -43595 - -43613. Calculate the greatest common divisor of c and o.
9
Let v be 39 + -31 - (-1 - -2 - 0). Let o be 2/8 + ((-350)/8)/v. Let p be 12/6*(o/(-3) - -4). Calculate the highest common divisor of 4 and p.
4
Suppose -q + 0 = -2, -3*q + 86 = 4*u. Let k be (-4)/(-10) - 8/u. Suppose k = -164*f + 165*f - 13. Calculate the greatest common factor of f and 104.
13
Suppose -3*d = -6*d + 3*q + 48, q - 1 = 0. Let n(z) = 29*z**2 - 2191*z - 189. Let k be n(76). Calculate the greatest common divisor of d and k.
17
Suppose -359*u + 356*u = -609. Suppose -241 = -2*z + 3*v, -5*z + v + 0*v = -583. What is the greatest common factor of u and z?
29
Let b be (-2)/(-3) - 84/(-63). Suppose -22 = -b*w - 2. Calculate the greatest common factor of 90 and w.
10
Let y be 1 + 14712/5 + 342/(-855). Calculate the highest common factor of y and 54.
27
Let m = -1529 + 1715. What is the greatest common divisor of 124 and m?
62
Suppose -13*r = 7*r - 2260. Let y = r - -30. Suppose 5*q + 2*c - 13 = 4*q, -5*c = 2*q - 27. Calculate the greatest common divisor of q and y.
11
Suppose 0 = 2*v - 61 + 71, -4*q + 18 = -2*v. Suppose y - 187 = -q*b, -b + 17*y + 101 = 19*y. What is the greatest common divisor of b and 42?
7
Suppose 69*n = 66*n - 3, 0 = k - 2*n - 35. Calculate the highest common divisor of 261 and k.
3
Suppose -10*c + 140 = -15*c. Let q(z) = z**2 + 18*z - 59. Let h be q(c). Calculate the greatest common factor of h and 17.
17
Let g = -256 + 214. Let l be g/(28/4) - -14. Suppose -18 = -2*q - 3*h + 6, q = -3*h + 12. Calculate the greatest common divisor of q and l.
4
Let q = 6382 + -5642. Calculate the greatest common divisor of 4736 and q.
148
Let y be 7 - 2/7*(11 - 4). Suppose y*t - 566 = 1864. Calculate the highest common factor of t and 54.
54
Let p be 16 - 6/(-18)*3/(-1). Let g be (70/p)/(32/48). What is the greatest common factor of 931 and g?
7
Let r be (-8)/28 - ((-65)/7)/1. Suppose -89 + r = -4*a. Calculate the highest common divisor of a and 12.
4
Let a(x) = x**3 + 14*x**2 + 39*x + 266. Let j be a(-12). Calculate the highest common factor of 82 and j.
2
Let q(d) = d**3 - 11*d**2 - 19*d - 19. Let j be 30/40 - 66/(-8). Suppose 0 = -3*r + j*r - 78. Let n be q(r). What is the greatest common factor of 8 and n?
8
Suppose 12*u - 262 - 170 = 0. Let q = -29 - -33. Let t be ((-8)/(-10))/(q/20). Calculate the highest common factor of u and t.
4
Let s = -3544 - -3616. What is the highest common factor of s and 160?
8
Suppose -14*w + 6*w - 10*w = -720. Calculate the greatest common divisor of w and 96.
8
Suppose -5*m + a = -19, a + 7 = 3. Let w be (-10 + -5)*((-47)/3 + m). What is the greatest common divisor of 152 and w?
38
Let p be (65/(-3))/(40/(-48)). Let s be (p/78)/((-3)/(-531)). What is the highest common divisor of s and 59?
59
Suppose 2*w + 8 = -p, -4*p - 3*w + 3 = 10. Suppose p*t = -5*r + 1295, 516 = 2*r + 3*t + 9. Let f = r + -159. What is the highest common divisor of 6 and f?
6
Suppose -201 = 2*q + 3*j, 2*q - 2*j = -299 + 73. Let y = q - -63. Let d = -9 - y. Calculate the highest common factor of d and 12.
12
Suppose 5*g = -y + 6*y - 5, 3*y = -3*g + 21. Suppose -3*l - 4*z + 44 = -2*z, 0 = -g*l + 4*z + 20. Calculate the greatest common factor of 66 and l.
6
Suppose 5*p + 3*p = 144. Let j be (20/(-6))/((-109)/p + 6). Calculate the highest common factor of 80 and j.
20
Let y(w) = w**3 + 20*w**2 - 21*w - 4. Let v be y(-20). Let p = 784 - v. What is the highest common divisor of p and 16?
16
Suppose 3*l = 3, 2*l = -2*y + l + 155. Suppose 2041 - 1722 = 29*n. What is the greatest common factor of n and y?
11
Let m(d) = 2*d**2 + 74*d - 589. Let f be m(10). Calculate the highest common factor of f and 78.
39
Let l be 135*(1517/30 + 17/(-102)). What is the highest common divisor of 84 and l?
84
Let l = 8103 - 8063. What is the greatest common factor of l and 1112?
8
Let k = -66 + -110. Let n = k + 191. What is the highest common divisor of n and 10?
5
Suppose 5*h - 5 = -n, -5*h + 1 = -2*h + n. Let u be (-9 + 11)*27/6. Suppose -4*i + i - 5*z = 0, h*z = -3*i + u. Calculate the highest common factor of 25 and i.
5
Let f(s) = -2*s**3 - 2*s**2 - 4. Let o be f(-3). Let j(y) = y**2 + 3*y - 272. Let n be j(16). What is the greatest common divisor of n and o?
32
Let c = 483 - 408. Let i(s) = 14 - 15 + 2*s + s**2 + s**3 + 0*s. Let y be i(2). Calculate the greatest common divisor of y and c.
15
Let h(q) = -19*q**2 - 24*q + 67. Let w(f) = -19*f**2 - 23*f + 68. Let u(i) = 2*h(i) - 3*w(i). Let x be u(5). Calculate the highest common factor of 68 and x.
34
Let v(k) be the first derivative of -5*k**2/2 - 98*k - 148. Let a be v(-22). Calculate the highest common factor of 108 and a.
12
Let n(a) = 513*a - 8273. Let z be n(18). What is the highest common factor of 1054 and z?
31
Let b(g) = 36*g - 711. Let z be b(25). What is the greatest common factor of z and 1638?
63
Let x = 130 - 96. Suppose 0 = j + 3*g - x, 7*j - 10*j = -2*g - 102. Calculate the highest common factor of j and 374.
34
Let w be (1 + -2)*(-3 - -2). Calculate the greatest common factor of 61 and w.
1
Suppose 5*l + 62 = 2*z + l, 5*l = 5*z - 165. Let a = 27 + 148. Calculate the greatest common factor of z and a.
35
Let i = 3892 - 3856. Let w(q) = -q**3 - 6*q**2 - q + 6. Let t be w(-6). What is the greatest common divisor of i and t?
12
Let y(l) = -l**2 - 63*l + 842. Let n be y(11). Calculate the highest common factor of 2016 and n.
28
Let g = 3601 + -3589. Calculate the greatest common factor of g and 244.
4
Suppose 22*g - 6*g - 301 - 2051 = 0. What is the greatest common divisor of g and 6?
3
Suppose 4*r - 133 = 5*l + 220, 0 = -4*l - 4*r - 268. Let q be (-1)/16*862 - (-57)/(-456). Let b = q - l. Calculate the highest common divisor of 60 and b.
15
Suppose 16*z = 48*z - 140 - 884. Calculate the greatest common divisor of 63 and z.
1
Let p(n) = -6*n + 15. Let u be p(7). Let k = u + 29. Suppose k*b - 112 = -6*b. What is the highest common divisor of 14 and b?
14
Let m(n) = n**2 - 6*n - 522. Let t be m(-24). What is the greatest common divisor of 846 and t?
18
Let k = 82 + -74. Let p be -3 - 4/k*-38. Suppose -12*h + p = -4*h. What is the highest common factor of 2 and h?
2
Let x = -218 - -222. Suppose -5*o + 219 - 117 = -x*g, -104 = -5*o + 3*g. Let z be 132/(-8)*44/(-3). Calculate the highest common divisor of o and z.
22
Let y be (-1)/((-28 - -17)/11) + (11760 - 1). Calculate the greatest common factor of 240 and y.
240
Let u(x) = -x**2 - 19*x + 13. Let z be u(-19). Suppose 38 = z*m - 53. Calculate the highest common divisor of m and 469.
7
Let i be -8 - (-675)/18*4 - 8. What is the highest common divisor of i and 6700?
134
Let l = -8184 + 16092. Calculate the highest common factor of l and 12.
12
Suppose a - 30 = -5*m, -72 = -4*a + 4*m - 24. Let y be 16 - (-18)/a*(-10)/4. Let l be 66 + 9/(-3) - -2. Calculate the highest common factor of l and y.
13
Let a be (124/93)/(1/(-3) + 1). Suppose 2*j - 4 = o + a*o, -2*o = -5*j + 21. Suppose 53 = j*i + 33. Calculate the highest common factor of i and 28.
4
Let p be (-15)/60*(-1 - 171). Suppose 4*u - 25 = p. Calculate the highest common divisor of u and 51.
17
Let u(n) = 2*n**3 - 3*n**2 - 6*n - 20. Let p be u(4). Let c = 93 + -84. What is the greatest common factor of c and p?
9
Suppose -2*w = -18*q + 19*q + 409, 3*w - 2*q + 631 = 0. Let l = -127 - w. Calculate the highest common divisor of 10 and l.
10
Let r(p) = -p - 60. Let d(w) = -61. Let t(k) = 6*d(k) - 7*r(k). Let u be t(14). What is the highest common factor of u and 19?
19
Let k(s) = -s**2 + 19*s + 12. Let u be k(19). What is the greatest 